{"id":90,"date":"2011-04-25T13:56:54","date_gmt":"2011-04-25T11:56:54","guid":{"rendered":"http:\/\/vasak.eu\/gsv\/?page_id=90"},"modified":"2012-12-27T23:59:08","modified_gmt":"2012-12-27T22:59:08","slug":"beruf-karriere","status":"publish","type":"page","link":"http:\/\/vasak.eu\/gsv\/?page_id=90","title":{"rendered":"Beruf &#038; Karriere"},"content":{"rendered":"<h2>04\/2010 &#8211; heute<\/h2>\n<p>Head of Broadbandmanagment A1 Telekom Austria AG<\/p>\n<p>Koordination des Breitbandausbaues f\u00fcr gesamt \u00d6sterreich<br \/>\ntechnischer und strategischer Beratung f\u00fcr Bund, Land und Gemeinden<\/p>\n<p>und<\/p>\n<p>zust\u00e4ndig f\u00fcr nationale und internationale (EU) F\u00f6rderungen f\u00fcr den Breitbandausbau in \u00d6sterreich<\/p>\n<h2>01\/2003 &#8211; 03\/2010<\/h2>\n<p>Regionalleiter Technik Ost- Nieder\u00f6sterreich und Burgenland,<br \/>\nNetzinfrastruktur Bau \/ Planung bei Telekom Austria TA AG<\/p>\n<p>Wichtigste Ziele:<br \/>\nVerantwortliche Sicherstellung der vereinbarten Netzqualit\u00e4t und<br \/>\nder Netzverf\u00fcgbarkeit sowie die Steuerung der Organisationseinheiten<br \/>\nin der Region.<br \/>\nLaufende Steigerung der Produktivit\u00e4t und eines optimalen Einsatzes<br \/>\nder Personal- und Sachressourcen.<br \/>\nVerantwortlich f\u00fcr den optimalen Einsatz aller IT-Systeme in der Region. St\u00e4ndige Anpassung der Produktionsprozesse und Koordination und Kommunikation mit internen und externen Leistungspartner.<br \/>\nSteigerung der Wettbewerbsf\u00e4higkeit und Kundenorientierung durch Ma\u00dfnahmen zur Entwicklung und Information der Mitarbeiter.<br \/>\nSicherstellen eines hohen Qualit\u00e4ts- und Sicherheitsstandards. Sicherstellen des positiven Images<br \/>\nder Telekom Austria TA AG in der \u00d6ffentlichkeit durch Vertretung des Unternehmens nach au\u00dfen.<\/p>\n<h2>11\/2001 &#8211; 12\/2002<\/h2>\n<p>Regionalleiter Technik Wien<br \/>\nNetzinfrastruktur \/ Bau bei Telekom Austria AG<\/p>\n<h2>2001<\/h2>\n<p>Grundausbildung I<br \/>\n(gehobener technischer Dienst mit akademischen Abschluss)<\/p>\n<h2>01\/2000 &#8211; 10\/2001<\/h2>\n<p>Leiter Netzinfrastruktur \/ Netzausbau bei Telekom Austria AG &#8211;<br \/>\nUmsetzung von nationalen und internationalen Projekten<\/p>\n<h2>05\/1998 &#8211; 12\/1999<\/h2>\n<p>Projektleiter Kollokation bei Telekom Austria<\/p>\n<h2>1989<\/h2>\n<p>Grundausbildung II<br \/>\n(gehobener technischer Dienst)<\/p>\n<h2>03\/1987 &#8211; 04\/1998<\/h2>\n<p>Planung Kommunikationstechnik bei Telekom Austria AG<\/p>\n<h2>09\/1981 &#8211; 02\/1987<\/h2>\n<p>Techniker bei der Fa. Frequentis<\/p>\n<h2>09\/1979 &#8211; 07\/1981<\/h2>\n<p>Techniker bei der Firma Quelle AG<\/p>\n","protected":false},"excerpt":{"rendered":"<p>04\/2010 &#8211; heute Head of Broadbandmanagment A1 Telekom Austria AG Koordination des Breitbandausbaues f\u00fcr gesamt \u00d6sterreich technischer und strategischer Beratung f\u00fcr Bund, Land und Gemeinden und zust\u00e4ndig f\u00fcr nationale und internationale (EU) F\u00f6rderungen f\u00fcr den Breitbandausbau in \u00d6sterreich 01\/2003 &#8211; 03\/2010 Regionalleiter Technik Ost- Nieder\u00f6sterreich und Burgenland, Netzinfrastruktur Bau \/ Planung bei Telekom Austria TA <a href='http:\/\/vasak.eu\/gsv\/?page_id=90' class='excerpt-more'>[&#8230;]<\/a><\/p>\n","protected":false},"author":1,"featured_media":0,"parent":72,"menu_order":0,"comment_status":"closed","ping_status":"closed","template":"","meta":{"footnotes":""},"class_list":["post-90","page","type-page","status-publish","hentry","post-seq-1","post-parity-odd","meta-position-corners","fix"],"_links":{"self":[{"href":"http:\/\/vasak.eu\/gsv\/index.php?rest_route=\/wp\/v2\/pages\/90","targetHints":{"allow":["GET"]}}],"collection":[{"href":"http:\/\/vasak.eu\/gsv\/index.php?rest_route=\/wp\/v2\/pages"}],"about":[{"href":"http:\/\/vasak.eu\/gsv\/index.php?rest_route=\/wp\/v2\/types\/page"}],"author":[{"embeddable":true,"href":"http:\/\/vasak.eu\/gsv\/index.php?rest_route=\/wp\/v2\/users\/1"}],"replies":[{"embeddable":true,"href":"http:\/\/vasak.eu\/gsv\/index.php?rest_route=%2Fwp%2Fv2%2Fcomments&post=90"}],"version-history":[{"count":4,"href":"http:\/\/vasak.eu\/gsv\/index.php?rest_route=\/wp\/v2\/pages\/90\/revisions"}],"predecessor-version":[{"id":183,"href":"http:\/\/vasak.eu\/gsv\/index.php?rest_route=\/wp\/v2\/pages\/90\/revisions\/183"}],"up":[{"embeddable":true,"href":"http:\/\/vasak.eu\/gsv\/index.php?rest_route=\/wp\/v2\/pages\/72"}],"wp:attachment":[{"href":"http:\/\/vasak.eu\/gsv\/index.php?rest_route=%2Fwp%2Fv2%2Fmedia&parent=90"}],"curies":[{"name":"wp","href":"https:\/\/api.w.org\/{rel}","templated":true}]}}