{"id":42,"date":"2011-04-22T14:58:42","date_gmt":"2011-04-22T12:58:42","guid":{"rendered":"http:\/\/vasak.eu\/gsv\/?page_id=42"},"modified":"2021-09-11T19:43:04","modified_gmt":"2021-09-11T17:43:04","slug":"gutachten-referenzen","status":"publish","type":"page","link":"http:\/\/vasak.eu\/gsv\/?page_id=42","title":{"rendered":"Gutachten &#038; Referenzen"},"content":{"rendered":"<p>\u00dcberblick der erstellten Gutachten und Referenzen:<\/p>\n<ul>\n<li>Mobiltelefone (alle Typen)<\/li>\n<li>Mobiltelefon funktechnische Versorgung (alle Technologien 3G,4G,5G)<\/li>\n<li>Nachtr\u00e4gliche Ver\u00e4nderungen von SMS<\/li>\n<li>Begutachtungen von Mobiltelefonreparaturen<\/li>\n<li>Begutachtungen von Sch\u00e4den an Mobiltelefonen<\/li>\n<li>L\u00e4rmentwicklung bei Mobilfunkanlagen<\/li>\n<li>Verkabelungen f\u00fcr Telefonanlagen (alle Technologien CU-Kabel und Lichtwellenleiter Lwl)<\/li>\n<li>Leistungsmerkmale von Nebenstellenanlagen VOIP uvm.<\/li>\n<li>Funkger\u00e4te<\/li>\n<li>Sch\u00e4tzungen bei Verlassenschaften<\/li>\n<li>Richtfunkanlagen<\/li>\n<li>Kabelanlagen<\/li>\n<li>Sch\u00e4tzgutachten von technischen Anlagen<\/li>\n<li>Stromversorgungskabel f\u00fcr Nebenstellenanlagen<\/li>\n<li>Kabelkanalanlagen<\/li>\n<\/ul>\n","protected":false},"excerpt":{"rendered":"<p>\u00dcberblick der erstellten Gutachten und Referenzen: Mobiltelefone (alle Typen) Mobiltelefon funktechnische Versorgung (alle Technologien 3G,4G,5G) Nachtr\u00e4gliche Ver\u00e4nderungen von SMS Begutachtungen von Mobiltelefonreparaturen Begutachtungen von Sch\u00e4den an Mobiltelefonen L\u00e4rmentwicklung bei Mobilfunkanlagen Verkabelungen f\u00fcr Telefonanlagen (alle Technologien CU-Kabel und Lichtwellenleiter Lwl) Leistungsmerkmale von Nebenstellenanlagen VOIP uvm. Funkger\u00e4te Sch\u00e4tzungen bei Verlassenschaften Richtfunkanlagen Kabelanlagen Sch\u00e4tzgutachten von technischen Anlagen Stromversorgungskabel <a href='http:\/\/vasak.eu\/gsv\/?page_id=42' class='excerpt-more'>[&#8230;]<\/a><\/p>\n","protected":false},"author":1,"featured_media":0,"parent":37,"menu_order":0,"comment_status":"closed","ping_status":"closed","template":"","meta":{"footnotes":""},"class_list":["post-42","page","type-page","status-publish","hentry","post-seq-1","post-parity-odd","meta-position-corners","fix"],"_links":{"self":[{"href":"http:\/\/vasak.eu\/gsv\/index.php?rest_route=\/wp\/v2\/pages\/42","targetHints":{"allow":["GET"]}}],"collection":[{"href":"http:\/\/vasak.eu\/gsv\/index.php?rest_route=\/wp\/v2\/pages"}],"about":[{"href":"http:\/\/vasak.eu\/gsv\/index.php?rest_route=\/wp\/v2\/types\/page"}],"author":[{"embeddable":true,"href":"http:\/\/vasak.eu\/gsv\/index.php?rest_route=\/wp\/v2\/users\/1"}],"replies":[{"embeddable":true,"href":"http:\/\/vasak.eu\/gsv\/index.php?rest_route=%2Fwp%2Fv2%2Fcomments&post=42"}],"version-history":[{"count":8,"href":"http:\/\/vasak.eu\/gsv\/index.php?rest_route=\/wp\/v2\/pages\/42\/revisions"}],"predecessor-version":[{"id":216,"href":"http:\/\/vasak.eu\/gsv\/index.php?rest_route=\/wp\/v2\/pages\/42\/revisions\/216"}],"up":[{"embeddable":true,"href":"http:\/\/vasak.eu\/gsv\/index.php?rest_route=\/wp\/v2\/pages\/37"}],"wp:attachment":[{"href":"http:\/\/vasak.eu\/gsv\/index.php?rest_route=%2Fwp%2Fv2%2Fmedia&parent=42"}],"curies":[{"name":"wp","href":"https:\/\/api.w.org\/{rel}","templated":true}]}}