{"id":15,"date":"2011-04-21T17:24:06","date_gmt":"2011-04-21T15:24:06","guid":{"rendered":"http:\/\/vasak.eu\/gsv\/?page_id=15"},"modified":"2021-09-11T20:11:36","modified_gmt":"2021-09-11T18:11:36","slug":"impressum","status":"publish","type":"page","link":"http:\/\/vasak.eu\/gsv\/?page_id=15","title":{"rendered":"Impressum"},"content":{"rendered":"<h3>Autor und Gestalter:<\/h3>\n<p>Dipl.-HTL-Ing. Christian Vasak MBA,MSc<br \/>\nEisteichgasse 7 Haus 10<br \/>\n2345 Brunn am Gebirge<br \/>\nAustria<\/p>\n<p>ATU 65255038<\/p>\n<p>Tel.: +43 (0) 2236\/26605<br \/>\nMobil:&nbsp; +43 (0) 680\/1234301<\/p>\n<p>Call Sign: OE3CVC<\/p>\n<p>E-Mail: <a href=\"mailto:christian.vasak@aon.at\">christian.vasak@aon.at<\/a><\/p>\n<h3>Haftung:<\/h3>\n<p>S\u00e4mtliche Texte auf der Website wurden sorgf\u00e4ltig gepr\u00fcft.<br \/>\nDessen ungeachtet kann keine Garantie f\u00fcr die Richtigkeit,<br \/>\nVollst\u00e4ndigkeit und Aktualit\u00e4t der Angaben \u00fcbernommen werden.<\/p>\n<h3>Copyright:<\/h3>\n<p>Die verwendeten Bilder, Texte und T\u00f6ne stammen nur aus meinen privaten Archiven.<\/p>\n<h3>Links:<\/h3>\n<p>Sollte eine der Seiten, auf die gelinkt wird, bedenkliche oder rechtswidrige Inhalte aufweisen, wird um Mitteilung ersucht; in einem solchen Falle wird der Link sofort gel\u00f6scht.<\/p>\n","protected":false},"excerpt":{"rendered":"<p>Autor und Gestalter: Dipl.-HTL-Ing. Christian Vasak MBA,MSc Eisteichgasse 7 Haus 10 2345 Brunn am Gebirge Austria ATU 65255038 Tel.: +43 (0) 2236\/26605 Mobil:&nbsp; +43 (0) 680\/1234301 Call Sign: OE3CVC E-Mail: christian.vasak@aon.at Haftung: S\u00e4mtliche Texte auf der Website wurden sorgf\u00e4ltig gepr\u00fcft. Dessen ungeachtet kann keine Garantie f\u00fcr die Richtigkeit, Vollst\u00e4ndigkeit und Aktualit\u00e4t der Angaben \u00fcbernommen werden. <a href='http:\/\/vasak.eu\/gsv\/?page_id=15' class='excerpt-more'>[&#8230;]<\/a><\/p>\n","protected":false},"author":1,"featured_media":0,"parent":0,"menu_order":0,"comment_status":"closed","ping_status":"closed","template":"","meta":{"footnotes":""},"class_list":["post-15","page","type-page","status-publish","hentry","post-seq-1","post-parity-odd","meta-position-corners","fix"],"_links":{"self":[{"href":"http:\/\/vasak.eu\/gsv\/index.php?rest_route=\/wp\/v2\/pages\/15","targetHints":{"allow":["GET"]}}],"collection":[{"href":"http:\/\/vasak.eu\/gsv\/index.php?rest_route=\/wp\/v2\/pages"}],"about":[{"href":"http:\/\/vasak.eu\/gsv\/index.php?rest_route=\/wp\/v2\/types\/page"}],"author":[{"embeddable":true,"href":"http:\/\/vasak.eu\/gsv\/index.php?rest_route=\/wp\/v2\/users\/1"}],"replies":[{"embeddable":true,"href":"http:\/\/vasak.eu\/gsv\/index.php?rest_route=%2Fwp%2Fv2%2Fcomments&post=15"}],"version-history":[{"count":7,"href":"http:\/\/vasak.eu\/gsv\/index.php?rest_route=\/wp\/v2\/pages\/15\/revisions"}],"predecessor-version":[{"id":218,"href":"http:\/\/vasak.eu\/gsv\/index.php?rest_route=\/wp\/v2\/pages\/15\/revisions\/218"}],"wp:attachment":[{"href":"http:\/\/vasak.eu\/gsv\/index.php?rest_route=%2Fwp%2Fv2%2Fmedia&parent=15"}],"curies":[{"name":"wp","href":"https:\/\/api.w.org\/{rel}","templated":true}]}}